{"id":131,"date":"2024-08-23T15:34:25","date_gmt":"2024-08-23T13:34:25","guid":{"rendered":"https:\/\/www.elosteopata.es\/?page_id=131"},"modified":"2024-11-15T17:08:37","modified_gmt":"2024-11-15T16:08:37","slug":"politicas-de-privacidad","status":"publish","type":"page","link":"https:\/\/amuntiavall.net\/ca\/politicas-de-privacidad\/","title":{"rendered":"Pol\u00edtiques de privadesa"},"content":{"rendered":"<p><strong>1. INFORMACI\u00d3 A L'USUARI<\/strong><\/p>\n\n\n\n<p>JOSE JUAN GARCIA MATEO, com a Responsable del Tractament, li informa que, segons el que disposa el Reglament (UE) 2016\/679, de 27 d'abril, (RGPD) i la L.O. 3\/2018, de 5 de desembre, de protecci\u00f3 de dades i garantia dels drets digitals (LOPDGDD), tractarem les vostres dades tal com reflectim en aquesta Pol\u00edtica de Privadesa.<\/p>\n\n\n\n<p>En aquesta Pol\u00edtica de Privadesa descrivim com recollim les vostres dades personals i per qu\u00e8 les recollim, qu\u00e8 fem amb elles, amb qui les compartim, com les protegim i les seves opcions pel que fa al tractament de les vostres dades personals.<\/p>\n\n\n\n<p>Aquesta Pol\u00edtica s'aplica al tractament de les vostres dades personals recollides per l'empresa per a la prestaci\u00f3 dels seus serveis. Si accepteu les mesures d'aquesta Pol\u00edtica, accepteu que tractem les vostres dades personals com es defineix en aquesta Pol\u00edtica.<\/p>\n\n\n\n<p><strong>2. CONTACTE<\/strong><\/p>\n\n\n\n<p>Denominaci\u00f3n social: JOSE JUAN GARCIA MATEO<\/p>\n\n\n\n<p>Nombre comercial: &nbsp;AMUNT I AVALL ESCOLA DE GOSSOS<\/p>\n\n\n\n<p>CIF: 52146137P<\/p>\n\n\n\n<p>Domicilio: BARRI LES VALLS 262<\/p>\n\n\n\n<p>e-mail: guau@amuntiavall.dog<\/p>\n\n\n\n<p><strong>3. PRINCIPIS CLAU<\/strong><\/p>\n\n\n\n<p>Sempre hem estat compromesos amb prestar els nostres serveis amb el m\u00e9s alt grau de qualitat, cosa que inclou tractar les seves dades amb seguretat i transpar\u00e8ncia. Els nostres principis s\u00f3n:<\/p>\n\n\n\n<ul class=\"wp-block-list\">\n<li><strong>Legalidad<\/strong>: Solo recopilaremos sus Datos personales para fines espec\u00edficos, expl\u00edcitos y leg\u00edtimos.<\/li>\n\n\n\n<li><strong>Minimizaci\u00f3n de datos<\/strong>: Limitamos la recogida de datos de car\u00e1cter personal a lo que es estrictamente relevante y necesario para los fines para los que se han recopilado.<\/li>\n\n\n\n<li><strong>Limitaci\u00f3n de la Finalidad<\/strong>: Solo recogeremos sus datos personales para los fines declarados y solo seg\u00fan sus deseos.<\/li>\n\n\n\n<li><strong>Precisi\u00f3n<\/strong>: Mantendremos sus datos personales exactos y actualizados.<\/li>\n\n\n\n<li><strong>Seguridad de los Datos<\/strong>: Aplicamos las medidas t\u00e9cnicas y organizativas adecuadas y proporcionales a los riesgos para garantizar que sus datos no sufran da\u00f1os, tales como divulgaci\u00f3n o acceso no autorizado, la destrucci\u00f3n accidental o il\u00edcita o su p\u00e9rdida accidental o alteraci\u00f3n y cualquier otra forma de tratamiento il\u00edcito.<\/li>\n\n\n\n<li><strong>Acceso y Rectificaci\u00f3n<\/strong>: Disponemos de medios para que acceda o rectifique sus datos cuando lo considere oportuno.<\/li>\n\n\n\n<li><strong>Conservaci\u00f3n<\/strong>: Conservamos sus datos personales de manera legal y apropiada y solo mientras es necesario para los fines para los que se han recopilado.<\/li>\n\n\n\n<li><strong>Las transferencias internacionales<\/strong>: cuando se d\u00e9 el caso de que sus datos vayan a ser transferidos fuera de la UE\/EEE se proteger\u00e1n adecuadamente.<\/li>\n\n\n\n<li><strong>Terceros<\/strong>: El acceso y transferencia de datos personales a terceros se llevan a cabo de acuerdo con las leyes y reglamentos aplicables y con las garant\u00edas contractuales adecuadas.<\/li>\n\n\n\n<li><strong>Marketing Directo y cookies<\/strong>: Cumplimos con la legislaci\u00f3n aplicable en materia de publicidad y cookies.<\/li>\n<\/ul>\n\n\n\n<p><strong>4. RECOGIDA Y TRATAMIENTO DE SUS DATOS PERSONALES<\/strong><\/p>\n\n\n\n<p>Las tipos de datos que se pueden solicitar y tratar son:<\/p>\n\n\n\n<ul class=\"wp-block-list\">\n<li>Datos de car\u00e1cter identificativo.<\/li>\n<\/ul>\n\n\n\n<p>Tambi\u00e9n recogemos de forma autom\u00e1tica datos sobre su visita a nuestro sitio web&nbsp; seg\u00fan se describe en la pol\u00edtica de cookies.<\/p>\n\n\n\n<p>Siempre que solicitemos sus Datos personales, le informaremos con claridad de qu\u00e9 datos personales recogemos y con qu\u00e9 fin. En general, recogemos y tratamos sus datos personales con el prop\u00f3sito de:<\/p>\n\n\n\n<ul class=\"wp-block-list\">\n<li>Proporcionar informaci\u00f3n, servicios, productos, informaci\u00f3n relevante y novedades en el sector.<\/li>\n\n\n\n<li>Env\u00edo de comunicaciones.<\/li>\n<\/ul>\n\n\n\n<p><strong>5. LEGITIMIDAD<\/strong><\/p>\n\n\n\n<p>De acuerdo con la normativa de protecci\u00f3n de datos aplicable, sus datos personales podr\u00e1n tratarse siempre que:<\/p>\n\n\n\n<ul class=\"wp-block-list\">\n<li>Nos ha dado su consentimiento a los efectos del tratamiento. Por supuesto podr\u00e1 retirar su consentimiento en cualquier momento.<\/li>\n\n\n\n<li>Por requerimiento legal.<\/li>\n\n\n\n<li>Por exisitr un inter\u00e9s leg\u00edtimo que no se vea menoscabado por sus derechos de privacidad, como por ejemplo el env\u00edo de informaci\u00f3n comercial bien por suscripci\u00f3n a nuestra newsletter o por su condici\u00f3n de cliente.<\/li>\n\n\n\n<li>Por se necesaria para la prestaci\u00f3n de alguno de nuestros servicios mediante relaci\u00f3n contractual entre usted y nosotros.<\/li>\n<\/ul>\n\n\n\n<p><strong>6. COMUNICACI\u00d3N DE DATOS PERSONALES<\/strong><\/p>\n\n\n\n<p>Los datos pueden ser comunicados a empresas relacionadas con JOSE JUAN GARCIA MATEO para la prestaci\u00f3n de los diversos servicios en calidad de Encargados del Tratamiento. La empresa no realizar\u00e1 ninguna cesi\u00f3n, salvo por obligaci\u00f3n legal.<\/p>\n\n\n\n<p><strong>7. SUS DERECHOS<\/strong><\/p>\n\n\n\n<p>En relaci\u00f3n con la recogida y tratamiento de sus datos personales, puede ponerse en contacto con nosotros en cualquier momento para:<\/p>\n\n\n\n<ul class=\"wp-block-list\">\n<li>Acceder a sus datos personales y a cualquier otra informaci\u00f3n indicada en el Art\u00edculo 15.1 del RGPD.<\/li>\n\n\n\n<li>Rectificar sus datos personales que sean inexactos o est\u00e9n incompletos de acuerdo con el Art\u00edculo 16 del RGPD.<\/li>\n\n\n\n<li>Suprimir sus datos personales de acuerdo con el Art\u00edculo 17 del RGPD.<\/li>\n\n\n\n<li>Limitar el tratamiento de sus datos personales de acuerdo con el Art\u00edculo 18 del RGPD.<\/li>\n\n\n\n<li>Solicitar la portabilidad de sus datos de acuerdo con el Art\u00edculo 20 del RGPD.<\/li>\n\n\n\n<li>Oponerse al tratamiento de sus datos personales de acuerdo con el art\u00edculo 21 del RGPD.<\/li>\n<\/ul>\n\n\n\n<p>Si ha otorgado su consentimiento para alguna finalidad concreta, tiene derecho a retirar el consentimiento otorgado en cualquier momento, sin que ello afecte a la licitud del tratamiento basado en el consentimiento previo a su retirada rrhh.<\/p>\n\n\n\n<p>Puede ejercer estos derechos enviando comunicaci\u00f3n, motivada y acreditada, a tuemail@tudominio .com<\/p>\n\n\n\n<p>Tamb\u00e9 t\u00e9 dret a presentar una reclamaci\u00f3 davant de l'Autoritat de control competent (www.aepd.es) si considera que el tractament no s'ajusta a la normativa vigent.<\/p>\n\n\n\n<p><strong>8. INFORMACI\u00d3N LEGAL<\/strong><\/p>\n\n\n\n<p>Els requisits d'aquesta Pol\u00edtica complementen, i no reemplacen, qualsevol altre requisit existent sota la llei de protecci\u00f3 de dades aplicable, que ser\u00e0 la que prevalgui en qualsevol cas.<\/p>\n\n\n\n<p>Aquesta Pol\u00edtica est\u00e0 subjecta a revisions peri\u00f2diques i l'empresa la pot modificar en qualsevol moment. Quan aix\u00f2 passi, us avisarem de qualsevol canvi i us demanarem que torneu a llegir la versi\u00f3 m\u00e9s recent de la nostra Pol\u00edtica i que confirmeu la seva acceptaci\u00f3.<\/p>","protected":false},"excerpt":{"rendered":"<p>1. INFORMACI\u00d3N AL USUARIO JOSE JUAN GARCIA MATEO, como Responsable del Tratamiento, le informa que, seg\u00fan lo dispuesto en el Reglamento (UE) 2016\/679, de 27 de abril, (RGPD) y en la L.O. 3\/2018, de 5 de diciembre, de protecci\u00f3n de datos y garant\u00eda de los derechos digitales (LOPDGDD), trataremos su datos tal y como reflejamos [&hellip;]<\/p>","protected":false},"author":1,"featured_media":0,"parent":0,"menu_order":0,"comment_status":"closed","ping_status":"closed","template":"","meta":{"footnotes":""},"class_list":["post-131","page","type-page","status-publish","hentry"],"_links":{"self":[{"href":"https:\/\/amuntiavall.net\/ca\/wp-json\/wp\/v2\/pages\/131","targetHints":{"allow":["GET"]}}],"collection":[{"href":"https:\/\/amuntiavall.net\/ca\/wp-json\/wp\/v2\/pages"}],"about":[{"href":"https:\/\/amuntiavall.net\/ca\/wp-json\/wp\/v2\/types\/page"}],"author":[{"embeddable":true,"href":"https:\/\/amuntiavall.net\/ca\/wp-json\/wp\/v2\/users\/1"}],"replies":[{"embeddable":true,"href":"https:\/\/amuntiavall.net\/ca\/wp-json\/wp\/v2\/comments?post=131"}],"version-history":[{"count":2,"href":"https:\/\/amuntiavall.net\/ca\/wp-json\/wp\/v2\/pages\/131\/revisions"}],"predecessor-version":[{"id":696,"href":"https:\/\/amuntiavall.net\/ca\/wp-json\/wp\/v2\/pages\/131\/revisions\/696"}],"wp:attachment":[{"href":"https:\/\/amuntiavall.net\/ca\/wp-json\/wp\/v2\/media?parent=131"}],"curies":[{"name":"wp","href":"https:\/\/api.w.org\/{rel}","templated":true}]}}

Polítiques de privadesa

<p><strong>1. INFORMACIÓ A L'USUARI</strong></p>



<p>JOSE JUAN GARCIA MATEO, com a Responsable del Tractament, li informa que, segons el que disposa el Reglament (UE) 2016/679, de 27 d'abril, (RGPD) i la L.O. 3/2018, de 5 de desembre, de protecció de dades i garantia dels drets digitals (LOPDGDD), tractarem les vostres dades tal com reflectim en aquesta Política de Privadesa.</p>



<p>En aquesta Política de Privadesa descrivim com recollim les vostres dades personals i per què les recollim, què fem amb elles, amb qui les compartim, com les protegim i les seves opcions pel que fa al tractament de les vostres dades personals.</p>



<p>Aquesta Política s'aplica al tractament de les vostres dades personals recollides per l'empresa per a la prestació dels seus serveis. Si accepteu les mesures d'aquesta Política, accepteu que tractem les vostres dades personals com es defineix en aquesta Política.</p>



<p><strong>2. CONTACTE</strong></p>



<p>Denominación social: JOSE JUAN GARCIA MATEO</p>



<p>Nombre comercial: &nbsp;AMUNT I AVALL ESCOLA DE GOSSOS</p>



<p>CIF: 52146137P</p>



<p>Domicilio: BARRI LES VALLS 262</p>



<p>e-mail: guau@amuntiavall.dog</p>



<p><strong>3. PRINCIPIS CLAU</strong></p>



<p>Sempre hem estat compromesos amb prestar els nostres serveis amb el més alt grau de qualitat, cosa que inclou tractar les seves dades amb seguretat i transparència. Els nostres principis són:</p>



<ul class="wp-block-list">
<li><strong>Legalidad</strong>: Solo recopilaremos sus Datos personales para fines específicos, explícitos y legítimos.</li>



<li><strong>Minimización de datos</strong>: Limitamos la recogida de datos de carácter personal a lo que es estrictamente relevante y necesario para los fines para los que se han recopilado.</li>



<li><strong>Limitación de la Finalidad</strong>: Solo recogeremos sus datos personales para los fines declarados y solo según sus deseos.</li>



<li><strong>Precisión</strong>: Mantendremos sus datos personales exactos y actualizados.</li>



<li><strong>Seguridad de los Datos</strong>: Aplicamos las medidas técnicas y organizativas adecuadas y proporcionales a los riesgos para garantizar que sus datos no sufran daños, tales como divulgación o acceso no autorizado, la destrucción accidental o ilícita o su pérdida accidental o alteración y cualquier otra forma de tratamiento ilícito.</li>



<li><strong>Acceso y Rectificación</strong>: Disponemos de medios para que acceda o rectifique sus datos cuando lo considere oportuno.</li>



<li><strong>Conservación</strong>: Conservamos sus datos personales de manera legal y apropiada y solo mientras es necesario para los fines para los que se han recopilado.</li>



<li><strong>Las transferencias internacionales</strong>: cuando se dé el caso de que sus datos vayan a ser transferidos fuera de la UE/EEE se protegerán adecuadamente.</li>



<li><strong>Terceros</strong>: El acceso y transferencia de datos personales a terceros se llevan a cabo de acuerdo con las leyes y reglamentos aplicables y con las garantías contractuales adecuadas.</li>



<li><strong>Marketing Directo y cookies</strong>: Cumplimos con la legislación aplicable en materia de publicidad y cookies.</li>
</ul>



<p><strong>4. RECOGIDA Y TRATAMIENTO DE SUS DATOS PERSONALES</strong></p>



<p>Las tipos de datos que se pueden solicitar y tratar son:</p>



<ul class="wp-block-list">
<li>Datos de carácter identificativo.</li>
</ul>



<p>También recogemos de forma automática datos sobre su visita a nuestro sitio web&nbsp; según se describe en la política de cookies.</p>



<p>Siempre que solicitemos sus Datos personales, le informaremos con claridad de qué datos personales recogemos y con qué fin. En general, recogemos y tratamos sus datos personales con el propósito de:</p>



<ul class="wp-block-list">
<li>Proporcionar información, servicios, productos, información relevante y novedades en el sector.</li>



<li>Envío de comunicaciones.</li>
</ul>



<p><strong>5. LEGITIMIDAD</strong></p>



<p>De acuerdo con la normativa de protección de datos aplicable, sus datos personales podrán tratarse siempre que:</p>



<ul class="wp-block-list">
<li>Nos ha dado su consentimiento a los efectos del tratamiento. Por supuesto podrá retirar su consentimiento en cualquier momento.</li>



<li>Por requerimiento legal.</li>



<li>Por exisitr un interés legítimo que no se vea menoscabado por sus derechos de privacidad, como por ejemplo el envío de información comercial bien por suscripción a nuestra newsletter o por su condición de cliente.</li>



<li>Por se necesaria para la prestación de alguno de nuestros servicios mediante relación contractual entre usted y nosotros.</li>
</ul>



<p><strong>6. COMUNICACIÓN DE DATOS PERSONALES</strong></p>



<p>Los datos pueden ser comunicados a empresas relacionadas con JOSE JUAN GARCIA MATEO para la prestación de los diversos servicios en calidad de Encargados del Tratamiento. La empresa no realizará ninguna cesión, salvo por obligación legal.</p>



<p><strong>7. SUS DERECHOS</strong></p>



<p>En relación con la recogida y tratamiento de sus datos personales, puede ponerse en contacto con nosotros en cualquier momento para:</p>



<ul class="wp-block-list">
<li>Acceder a sus datos personales y a cualquier otra información indicada en el Artículo 15.1 del RGPD.</li>



<li>Rectificar sus datos personales que sean inexactos o estén incompletos de acuerdo con el Artículo 16 del RGPD.</li>



<li>Suprimir sus datos personales de acuerdo con el Artículo 17 del RGPD.</li>



<li>Limitar el tratamiento de sus datos personales de acuerdo con el Artículo 18 del RGPD.</li>



<li>Solicitar la portabilidad de sus datos de acuerdo con el Artículo 20 del RGPD.</li>



<li>Oponerse al tratamiento de sus datos personales de acuerdo con el artículo 21 del RGPD.</li>
</ul>



<p>Si ha otorgado su consentimiento para alguna finalidad concreta, tiene derecho a retirar el consentimiento otorgado en cualquier momento, sin que ello afecte a la licitud del tratamiento basado en el consentimiento previo a su retirada rrhh.</p>



<p>Puede ejercer estos derechos enviando comunicación, motivada y acreditada, a tuemail@tudominio .com</p>



<p>També té dret a presentar una reclamació davant de l'Autoritat de control competent (www.aepd.es) si considera que el tractament no s'ajusta a la normativa vigent.</p>



<p><strong>8. INFORMACIÓN LEGAL</strong></p>



<p>Els requisits d'aquesta Política complementen, i no reemplacen, qualsevol altre requisit existent sota la llei de protecció de dades aplicable, que serà la que prevalgui en qualsevol cas.</p>



<p>Aquesta Política està subjecta a revisions periòdiques i l'empresa la pot modificar en qualsevol moment. Quan això passi, us avisarem de qualsevol canvi i us demanarem que torneu a llegir la versió més recent de la nostra Política i que confirmeu la seva acceptació.</p>

<p>1. INFORMACIÓN AL USUARIO JOSE JUAN GARCIA MATEO, como Responsable del Tratamiento, le informa que, según lo dispuesto en el Reglamento (UE) 2016/679, de 27 de abril, (RGPD) y en la L.O. 3/2018, de 5 de diciembre, de protección de datos y garantía de los derechos digitales (LOPDGDD), trataremos su datos tal y como reflejamos [&hellip;]</p>
